{"id":815,"date":"2024-05-15T18:13:12","date_gmt":"2024-05-15T16:13:12","guid":{"rendered":"http:\/\/wroclawskamanufaktura.pl\/?page_id=815"},"modified":"2026-02-05T13:55:36","modified_gmt":"2026-02-05T12:55:36","slug":"relaksacyjny-masaz-glowytwarzy-i-karku","status":"publish","type":"page","link":"https:\/\/wroclawskamanufaktura.pl\/index.php\/relaksacyjny-masaz-glowytwarzy-i-karku\/","title":{"rendered":"RELAKSACYJNY MASA\u017b\u00a0 G\u0141OWY,TWARZY I KARKU"},"content":{"rendered":"\n<p>Relaksacyjny masa\u017c w obr\u0119bie g\u0142owy, twarzy i karku to po\u0142\u0105czenie klasycznego masa\u017cu z elementami masa\u017cy japo\u0144skich, akupersury i aromaterapi.<\/p>\n\n\n\n<p>Wskazaniem do zabiegu jest permanentne zm\u0119czenie, \u017cycie w ci\u0105g\u0142ym biegu, potrzeba wyciszenia i relaksacji. Masa\u017c niweluje napi\u0119cia, b\u00f3le g\u0142owy, odpr\u0119\u017ca, poprawia ukrwienie i prawid\u0142owy przep\u0142yw limfy.<\/p>\n\n\n\n<p><strong>Wykonuj\u0105:<\/strong><\/p>\n\n\n\n<ul class=\"wp-block-list\">\n<li><a href=\"https:\/\/wroclawskamanufaktura.pl\/index.php\/anna-tuszynska\/\" data-type=\"page\" data-id=\"743\">Anna Tuszy\u0144ska<\/a><\/li>\n<\/ul>\n","protected":false},"excerpt":{"rendered":"<p>Relaksacyjny masa\u017c w obr\u0119bie g\u0142owy, twarzy i karku to po\u0142\u0105czenie klasycznego masa\u017cu z elementami masa\u017cy japo\u0144skich, akupersury i aromaterapi. Wskazaniem do zabiegu jest permanentne zm\u0119czenie, \u017cycie w ci\u0105g\u0142ym biegu, potrzeba wyciszenia i relaksacji. Masa\u017c niweluje napi\u0119cia, b\u00f3le g\u0142owy, odpr\u0119\u017ca, poprawia [&hellip;]<\/p>\n","protected":false},"author":2,"featured_media":816,"parent":0,"menu_order":15,"comment_status":"closed","ping_status":"closed","template":"page-templates\/single-service.php","meta":{"om_disable_all_campaigns":false,"_monsterinsights_skip_tracking":false,"_monsterinsights_sitenote_active":false,"_monsterinsights_sitenote_note":"","_monsterinsights_sitenote_category":0,"_uf_show_specific_survey":0,"_uf_disable_surveys":false,"footnotes":""},"class_list":["post-815","page","type-page","status-publish","has-post-thumbnail","hentry","clearfix"],"aioseo_notices":[],"_links":{"self":[{"href":"https:\/\/wroclawskamanufaktura.pl\/index.php\/wp-json\/wp\/v2\/pages\/815","targetHints":{"allow":["GET"]}}],"collection":[{"href":"https:\/\/wroclawskamanufaktura.pl\/index.php\/wp-json\/wp\/v2\/pages"}],"about":[{"href":"https:\/\/wroclawskamanufaktura.pl\/index.php\/wp-json\/wp\/v2\/types\/page"}],"author":[{"embeddable":true,"href":"https:\/\/wroclawskamanufaktura.pl\/index.php\/wp-json\/wp\/v2\/users\/2"}],"replies":[{"embeddable":true,"href":"https:\/\/wroclawskamanufaktura.pl\/index.php\/wp-json\/wp\/v2\/comments?post=815"}],"version-history":[{"count":1,"href":"https:\/\/wroclawskamanufaktura.pl\/index.php\/wp-json\/wp\/v2\/pages\/815\/revisions"}],"predecessor-version":[{"id":817,"href":"https:\/\/wroclawskamanufaktura.pl\/index.php\/wp-json\/wp\/v2\/pages\/815\/revisions\/817"}],"wp:featuredmedia":[{"embeddable":true,"href":"https:\/\/wroclawskamanufaktura.pl\/index.php\/wp-json\/wp\/v2\/media\/816"}],"wp:attachment":[{"href":"https:\/\/wroclawskamanufaktura.pl\/index.php\/wp-json\/wp\/v2\/media?parent=815"}],"curies":[{"name":"wp","href":"https:\/\/api.w.org\/{rel}","templated":true}]}}